4?
-3351b
Convert -11c21 (base 14) to base 12.
-21245
What is 7071c2 (base 13) in base 2?
1001111110010111100101
What is -168b85 (base 13) in base 9?
-1046170
3312510 (base 6) to base 7
1255443
-10100100011100000100 (base 2) to base 13
-1a775a
11121201101220 (base 3) to base 14
47c897
What is 488567 (base 9) in base 11?
191696
-7741a9 (base 15) to base 11
-3232428
Convert 21020202002220 (base 3) to base 11.
21a1775
What is 154002 (base 10) in base 13?
55134
-2425101 (base 7) to base 13
-aa8c5
Convert -5463375 (base 8) to base 12.
-5a9765
What is 30110063 (base 7) in base 14?
48b56a
-1400d (base 14) to base 6
-1020421
What is -203211301030 (base 4) in base 16?
-8e5c4c
What is -11122200002110 (base 3) in base 6?
-125003403
-247615 (base 10) to base 7
-2050624
What is -1201212333 (base 5) in base 14?
-51ab62
What is 1e25d (base 15) in base 11?
67a37
Convert 293a5 (base 11) to base 6.
521123
Convert 520a1 (base 12) to base 9.
173114
What is 3a6a5 (base 15) in base 10?
187130
What is 20221020102000 (base 3) in base 16?
383c10
Convert -344330 (base 11) to base 2.
-10000101101001101101
What is -888ed6 (base 15) in base 13?
-146c3a3
What is 14470 (base 12) in base 4?
12322110
505432 (base 7) to base 13
30190
-1613260 (base 8) to base 4
-1301122300
Convert -22022445 (base 6) to base 4.
-2200033331
Convert -75056 (base 11) to base 5.
-11443303
-1365351 (base 8) to base 10
-387817
95d (base 14) to base 15
832
57d92 (base 14) to base 12
a39a4
200121200221 (base 3) to base 16
59785
-4177415 (base 10) to base 4
-33323320013
-4633b (base 16) to base 11
-187047
-430041111 (base 5) to base 16
-1b756b
What is -1cb4506 (base 13) in base 9?
-20061123
1034301443 (base 5) to base 9
4223552
What is 101020133 (base 4) in base 5?
4221200
Convert -22a68 (base 15) to base 14.
-2c300
Convert -10001010010001010100 (base 2) to base 9.
-1052804
-436645 (base 13) to base 4
-12002333110
What is -2441398 (base 10) in base 12?
-998a1a
1131131032 (base 4) to base 13
105310
Convert 315422414 (base 6) to base 9.
11454021
Convert -412143 (base 8) to base 13.
-4a05c
100121100221202 (base 3) to base 16
4de601
251274 (base 8) to base 9
141851
What is -111303220 (base 4) in base 2?
-10101110011101000
Convert 2235a0 (base 11) to base 16.
56efc
130101203232 (base 4) to base 3
111221120021200
Convert -101221220200210 (base 3) to base 16.
-58dfe8
What is 535875 (base 11) in base 13?
240041
322043344 (base 5) to base 7
14402602
What is 20003420 (base 6) in base 2?
10001000111000100100
-2a954 (base 16) to base 12
-84b30
-1c92d (base 16) to base 11
-7aa28
605 (base 14) to base 5
14211
What is -12011200201 (base 3) in base 7?
-602620
-5cde5 (base 15) to base 10
-296765
9c981 (base 16) to base 8
2344601
What is 14108a7 (base 12) in base 14?
762d1d
-1ca63bb (base 14) to base 8
-66677241
What is 16b24e (base 16) in base 3?
2210120101022
What is 2685605 (base 9) in base 16?
167d08
-6575 (base 13) to base 15
-42b8
-1244420 (base 5) to base 15
-760a
What is -54006620 (base 7) in base 16?
-460c55
Convert 25423355 (base 6) to base 5.
202441024
What is 11344313 (base 9) in base 5?
2403132342
-1087104 (base 9) to base 5
-122322432
-a366b (base 14) to base 8
-1400677
What is 1225025 (base 10) in base 5?
303200100
What is -13256401 (base 7) in base 9?
-2265454
Convert -4cc47 (base 14) to base 9.
-317237
What is -208695 (base 12) in base 9?
-860865
734443 (base 8) to base 4
323210203
Convert 27175430 (base 9) to base 12.
459b899
Convert -2186044 (base 13) to base 10.
-10266637
Convert 738922 (base 13) to base 4.
22110013303
4066141 (base 7) to base 2
1110110111011100010
-63331065 (base 7) to base 5
-2332232334
What is 15345 (base 10) in base 6?
155013
What is 144013100 (base 5) in base 11?
483aa5
Convert 9965a2 (base 11) to base 10.
1589931
Convert 101560 (base 10) to base 2.
11000110010111000
Convert -51ad (base 16) to base 13.
-9695
-4026516 (base 8) to base 7
-12003613
What is -723194a (base 11) in base 10?
-12769426
What is 7a8ba1 (base 12) in base 4?
13133222221
Convert -162b843 (base 12) to base 3.
-22112200121120
837a1 (base 11) to base 2
11101110011011111
What is 2102420 (base 5) in base 16?
87af
Convert -2113271 (base 10) to base 5.
-1020111041
What is -2501c6 (base 13) in base 6?
-30552322
Convert -d90ad (base 16) to base 5.
-211422010
210346 (base 7) to base 6
435324
-222111222021 (base 3) to base 8
-1773330
Convert -3567160 (base 11) to base 12.
-20b9b74
What is 130347 (base 9) in base 3?
11000101121
17616616 (base 8) to base 2
1111110001110110001110
-462464 (base 8) to base 11
-a7a3a
What is -1350211 (base 6) in base 10?
-76543
Convert -320254031 (base 7) to base 8.
-110336726
What is 163b307 (base 12) in base 9?
8521007
What is 174804 (base 11) in base 14?
7049c
Convert 23235306 (base 7) to base 8.
7625536
What is -b80c1 (base 15) in base 6?
-20303544
Convert 4625b (base 12) to base 14.
261cb
Convert 381313 (base 9) to base 3.
102201100110
What is 1170825 (base 9) in base 10?
637088
4633592 (base 12) to base 5
11424131100
-414a0 (base 14) to base 3
-21222211010
2d93 (base 15) to base 4
2121111
What is 6bf1c (base 16) in base 11?
282206
-10101011010110 (base 2) to base 12
-641a
-5853d (base 14) to base 8
-644033
What is -2a05772 (base 11) in base 10?
-5161213
7344223 (base 9) to base 2
1110111110101000110001
What is 4287083 (base 9) in base 2?
1000110001111001011000
What is 54c54 (base 13) in base 3?
21210211020
What is -36002 (base 12) in base 16?
-11b82
What is 4345062 (base 7) in base 15?
a7b20
What is 333145333 (base 6) in base 15?
7e2763
1001413 (base 7) to base 3
20000010201
-72ac1 (base 13) to base 7
-1516034
What is -56cbb0 (base 13) in base 10?
-2056197
-310225335 (base 6) to base 4
-110113100123
Convert -1013043020 (base 5) to base 12.
-844356
What is 158688 (base 9) in base 4?
113333030
Convert 12055510 (base 6) to base 5.
44142434
What is -3442022 (base 5) in base 6?
-1155401
Convert -224423311 (base 6) to base 14.
-79ab59
1871b (base 12) to base 8
105407
What is 44a0794 (base 11) in base 14?
1090cc8
Convert 2eff94 (base 16) to base 5.
1242030314
Convert 826320 (base 9) to base 8.
1675245
Convert -1100111111001110001 (base 2) to base 10.
-425585
-3137204 (base 8) to base 5
-203211304
Convert -394893 (base 13) to base 14.
-27d4c4
What is -43311434 (base 6) in base 5?
-312102333
Convert -95366 (base 11) to base 12.
-68437
563410 (base 7) to base 11
68982
2233202101 (base 5) to base 9
10322714
Convert 1201022122110 (base 3) to base 11.
572a98
Convert -9b1464 (base 12) to base 4.
-21123001030
Convert -21055 (base 10) to base 3.
-1001212211
-2356630 (base 9) to base 3
-2101220201000
Convert 21042334 (base 5) to base 9.
285602
-722c3b (base 14) to base 7
-44502004
What is 1479a3 (base 14) in base 7?
6025363
Convert 423022 (base 8) to base 5.
14001233
Convert 3104203014 (base 5) to base 2.
11000000110110000011110
Convert 342270 (base 11) to base 4.
2010332322
21220221022 (base 3) to base 16
26138
Convert 20022210121022 (base 3) to base 6.
200020055
What is -36109c (base 15) in base 10?
-2585397
What is -202202122010 (base 3) in base 10?
-408702
What is 55204 (base 16) in base 4?
1111020010
-6065222 (base 7) to base 3
-1100200120112
2300113222 (base 4) to base 14
14b3aa
1022202012010 (base 3) to base 7
5660244
2123a90 (base 12) to base 3
102210111110100
What is 186ec (base 15) in base 5?
10013242
112031221112 (base 4) to base 2
10110001101101001010110
234445 (base 7) to base 4
22112302
Convert -20220313 (base 5) to base 7.
-1251435
Convert 8a625 (base 16) to base 5.
121114241
Convert -93390 (base 11) to base 2.
-100001010000100000
5135621 (base 7) to base 15
c201e
What is 307536 (base 9) in base 5?
21321223
2234310 (base 6) to base 14
2d638
-2595731 (base 12) to base 9
-14846851
Convert -1010021022020 (base 3) to base 14.
-1171c3
3628428 (base 9) to base 7
22504244
What is 2443765 (base 8) in base 16?
a47f5
Convert -240125 (base 8) to base 4.
-110001111
-2b8f8 (base 16) to base 10
-178424
131c9 (base 15) to base 5
3424124
223100331 (base 4) to base 2
101011010000111101
Convert 20022201212 (base 3) to base 16.
1e632
What is -77399 (base 16) in base 7?
-4102514
11101010111011 (base 2) to base 14
569d
3600535 (base 7) to base 12
19a924
What is 5143513 (base 6) in base 5?
30401302
1320133